
Does 227 divide 4777896?
True
Is 249 a factor of 246261?
True
Is 362168 a multiple of 68?
True
Is 747 a factor of 1308744?
True
Is 1304 a factor of 3977245?
False
Is 4 a factor of 33358?
False
Is 41 a factor of 186337?
False
Is 261 a factor of 72558?
True
Does 1824 divide 871872?
True
Does 424 divide 255742?
False
Is 163 a factor of 778510?
False
Is 880459 a multiple of 48?
False
Does 52 divide 261467?
False
Is 244646 a multiple of 4?
False
Is 133 a factor of 1437605?
False
Is 39468 a multiple of 33?
True
Is 72 a factor of 86840?
False
Is 676 a factor of 2037464?
True
Does 277 divide 137946?
True
Does 7 divide 2057948?
False
Is 247 a factor of 4761284?
False
Is 1323688 a multiple of 369?
False
Is 7 a factor of 323555?
False
Is 15 a factor of 80685?
True
Does 816 divide 368832?
True
Is 953054 a multiple of 11?
False
Is 18400 a multiple of 10?
True
Is 22 a factor of 299662?
True
Is 54674 a multiple of 3?
False
Is 320422 a multiple of 57?
False
Is 11855 a multiple of 8?
False
Is 122 a factor of 10619124?
True
Is 135 a factor of 85594?
False
Is 18000 a multiple of 18?
True
Is 1191720 a multiple of 2?
True
Is 204 a factor of 14167?
False
Is 3 a factor of 3939771?
True
Is 5426834 a multiple of 13?
False
Is 239726 a multiple of 566?
False
Is 9226529 a multiple of 17?
True
Is 3 a factor of 381980?
False
Is 40 a factor of 8289541?
False
Is 160 a factor of 943251?
False
Does 8 divide 3874704?
True
Is 4 a factor of 1396?
True
Is 9721900 a multiple of 784?
False
Is 7 a factor of 72293?
False
Does 552 divide 151248?
True
Is 566981 a multiple of 12?
False
Is 26 a factor of 94510?
True
Does 91 divide 3995757?
False
Is 2752735 a multiple of 293?
True
Is 40 a factor of 1451520?
True
Does 76 divide 205580?
True
Is 2106720 a multiple of 7?
True
Is 179904 a multiple of 17?
False
Does 45 divide 427629?
False
Is 721868 a multiple of 96?
False
Does 50 divide 346306?
False
Is 2491072 a multiple of 4?
True
Does 46 divide 13708?
True
Is 11 a factor of 371459?
True
Is 196 a factor of 71779?
False
Is 20 a factor of 311253?
False
Is 35080 a multiple of 10?
True
Does 14 divide 6937462?
True
Is 925322 a multiple of 54?
False
Does 17 divide 612782?
True
Is 19890134 a multiple of 11?
True
Is 444 a factor of 173516?
False
Does 2 divide 271776?
True
Is 76461 a multiple of 33?
True
Is 152985 a multiple of 15?
True
Is 1845324 a multiple of 9?
True
Is 53496 a multiple of 36?
True
Does 223 divide 399170?
True
Is 6474384 a multiple of 42?
True
Is 5 a factor of 212710?
True
Does 244 divide 7107192?
False
Is 1020262 a multiple of 19?
True
Does 10 divide 1953584?
False
Is 8 a factor of 729896?
True
Is 192744 a multiple of 36?
True
Does 10 divide 22800?
True
Does 85 divide 872270?
True
Is 239050 a multiple of 246?
False
Is 526419 a multiple of 97?
True
Is 27330236 a multiple of 1275?
False
Does 12 divide 454285?
False
Is 12 a factor of 80114?
False
Does 8 divide 165072?
True
Does 7 divide 132559?
True
Is 433 a factor of 1299433?
True
Is 2075924 a multiple of 159?
False
Does 15 divide 569205?
True
Is 67 a factor of 566686?
True
Does 15 divide 78930?
True
Is 693979 a multiple of 11?
True
Is 28 a factor of 102732?
True
Does 49 divide 296254?
True
Does 93 divide 242056?
False
Does 567 divide 6632766?
True
Is 11 a factor of 197984?
False
Does 24 divide 42074?
False
Does 29 divide 504078?
True
Is 2316328 a multiple of 76?
True
Is 1672082 a multiple of 757?
False
Is 206 a factor of 726150?
True
Is 8631200 a multiple of 25?
True
Does 269 divide 3574788?
False
Is 227491 a multiple of 16?
False
Is 7 a factor of 27314?
True
Is 174 a factor of 444570?
True
Is 415 a factor of 535827?
False
Is 149 a factor of 26072?
False
Is 54 a factor of 1712718?
True
Is 18447704 a multiple of 44?
True
Is 138128 a multiple of 97?
True
Does 30 divide 102136?
False
Is 55 a factor of 12669305?
True
Is 137 a factor of 81789?
True
Is 20 a factor of 7876100?
True
Does 7 divide 15442991?
False
Is 403875 a multiple of 9?
True
Does 89 divide 780688?
False
Does 118 divide 54752?
True
Does 8 divide 14736?
True
Is 344 a factor of 170923?
False
Is 179 a factor of 2646873?
True
Is 66 a factor of 135300?
True
Does 38 divide 702696?
True
Does 9 divide 18541989?
True
Is 98829 a multiple of 79?
True
Does 5 divide 192156?
False
Does 14 divide 17200988?
True
Is 14 a factor of 368242?
True
Is 7 a factor of 8396694?
False
Does 637 divide 3023899?
False
Is 430892 a multiple of 28?
True
Is 12026 a multiple of 8?
False
Is 826 a factor of 5987519?
False
Is 81616 a multiple of 4?
True
Is 40 a factor of 171120?
True
Is 21 a factor of 12430?
False
Is 401 a factor of 1091697?
False
Does 16 divide 998480?
True
Does 3 divide 46047?
True
Is 26 a factor of 2424?
False
Does 106 divide 2311648?
True
Does 14 divide 114714?
False
Is 16 a factor of 198656?
True
Is 14247792 a multiple of 468?
True
Is 77 a factor of 308924?
True
Is 127101 a multiple of 39?
True
Is 380646 a multiple of 189?
True
Is 83808 a multiple of 27?
True
Is 25 a factor of 5836803?
False
Does 153 divide 263007?
True
Is 105430 a multiple of 5?
True
Is 58 a factor of 57533?
False
Does 4 divide 22100?
True
Is 103275 a multiple of 27?
True
Does 711 divide 4616523?
True
Is 31 a factor of 172198?
False
Does 5 divide 1896125?
True
Does 780 divide 8207160?
True
Is 141 a factor of 261913?
False
Does 22 divide 118888?
True
Is 62 a factor of 2052650?
False
Is 3 a factor of 5102943?
True
Is 4879260 a multiple of 36?
True
Does 18 divide 83959?
False
Is 146 a factor of 433683?
False
Does 6 divide 564012?
True
Is 46 a factor of 260830?
False
Is 343561 a multiple of 20?
False
Does 39 divide 10242492?
True
Does 11 divide 1794342?
True
Is 26 a factor of 141622?
True
Does 998 divide 2855228?
False
Is 266205 a multiple of 488?
False
Does 55 divide 758?
False
Is 27653 even?
False
Is 69 a factor of 94668?
True
Does 12 divide 52428?
True
Is 17 a factor of 352920?
True
Is 27 a factor of 4203477?
False
Is 18762703 a multiple of 91?
False
Is 1175010 a multiple of 159?
True
Does 98 divide 138572?
True
Is 338 a factor of 1451500?
False
Does 65 divide 253776?
False
Is 704670 a multiple of 5?
True
Is 257888 a multiple of 16?
True
Is 13126 a multiple of 17?
False
Is 26899 a multiple of 12?
False
Is 4 a factor of 2757139?
False
Is 2963400 a multiple of 720?
False
Does 101 divide 606?
True
Does 327 divide 13579002?
True
Is 55040 a multiple of 40?
True
Does 7 divide 3611515?
False
Does 7 divide 1148060?
False
Is 927190 a multiple of 261?
False
Is 274 a factor of 23016?
True
Does 38 divide 584729?
False
Does 76 divide 139080?
True
Does 12 divide 904696?
False
Is 5 a factor of 551875?
True
Is 261488 a multiple of 236?
True
Is 16319188 a multiple of 678?
False
Is 644083 a multiple of 36?
False
Does 685 divide 3481816?
False
Does 21 divide 9080?
False
Does 59 divide 450113?
False
Is 189 a factor of 41152?
False
Is 16 a factor of 375142?
False
Is 11268730 a multiple of 139?
True
Is 189687 a multiple of 168?
False
Does 81 divide 209275?
False
Is 10 a factor of 919100?
True
Does 9 divide 11268?
True
Is 2655484 a multiple of 13?
True
Is 1092 a factor of 1224132?
True
Is 1798496 a multiple of 496?
True
Does 195 divide 5227416?
False
Does 20 divide 1967998?
False
Does 66 divide 36863?
False
Is 3 a factor of 32387?
False
Does 1642 divide 26477250?
True
Does 17 divide 6672602?
True
Is 2957450 a multiple of 452?
False
Is 41 a factor of 4568097?
True
Is 105430 a multiple of 130?
True
Does 64 divide 64320?
True
Does 194 divide 430536?
False
Is 2218117 a multiple of 430?
False
Is 66 a factor of 125202?
True
Is 14442508 a multiple of 10?
False
Does 180 divide 3702220?
False
Is 5679026 a multiple of 11?
False
Does 10 divide 93892?
False
Is 403 a factor of 1014351?
True
Is 45 a factor of 1880505?
True
Is 34148 even?
True
Is 68 a factor of 1351704?
True
Is 2592905 a multiple of 805?
True
Does 510 divide 2851920?
True
Does 33 divide 4983?
True
Is 393 a factor of 838269?
True
Is 525 a factor of 4708736?
False
Does 31 divide 1726297?
True
Is 217706 a multiple of 199?
True
Is 10 a factor of 902720?
True
Does 102 divide 846744?
False
Is 10 a factor of 384800?
True
Does 126 divide 313076?
False
Does 44 divide 50424?
True
Does 777 divide 3225686?
False
Is 3408204 a multiple of 6?
True
Does 5 divide 47955?
True
Is 7174901 a multiple of 17?